{"id":20,"date":"2021-10-25T15:36:00","date_gmt":"2021-10-25T20:36:00","guid":{"rendered":"https:\/\/chapingreenguanajuato.com\/?page_id=20"},"modified":"2022-12-20T14:23:08","modified_gmt":"2022-12-20T20:23:08","slug":"quienessomos","status":"publish","type":"page","link":"https:\/\/chapingreenguanajuato.com\/?page_id=20","title":{"rendered":"\u00bfQui\u00e9nes somos?"},"content":{"rendered":"\n<div class=\"wp-block-cover alignfull is-light is-style-editorskit-rounded\"><span aria-hidden=\"true\" class=\"wp-block-cover__background has-background-dim\"><\/span><img fetchpriority=\"high\" decoding=\"async\" width=\"2560\" height=\"1130\" class=\"wp-block-cover__image-background wp-image-78\" alt=\"\" src=\"https:\/\/chapingreenguanajuato.com\/wp-content\/uploads\/2021\/10\/nosotros.jpeg\" style=\"object-position:50% 17%\" data-object-fit=\"cover\" data-object-position=\"50% 17%\" srcset=\"https:\/\/chapingreenguanajuato.com\/wp-content\/uploads\/2021\/10\/nosotros.jpeg 2560w, https:\/\/chapingreenguanajuato.com\/wp-content\/uploads\/2021\/10\/nosotros-600x265.jpeg 600w, https:\/\/chapingreenguanajuato.com\/wp-content\/uploads\/2021\/10\/nosotros-1920x848.jpeg 1920w, https:\/\/chapingreenguanajuato.com\/wp-content\/uploads\/2021\/10\/nosotros-768x339.jpeg 768w, https:\/\/chapingreenguanajuato.com\/wp-content\/uploads\/2021\/10\/nosotros-1536x678.jpeg 1536w, https:\/\/chapingreenguanajuato.com\/wp-content\/uploads\/2021\/10\/nosotros-2048x904.jpeg 2048w, https:\/\/chapingreenguanajuato.com\/wp-content\/uploads\/2021\/10\/nosotros-400x177.jpeg 400w, https:\/\/chapingreenguanajuato.com\/wp-content\/uploads\/2021\/10\/nosotros-1568x692.jpeg 1568w\" sizes=\"(max-width: 2560px) 100vw, 2560px\" \/><div class=\"wp-block-cover__inner-container is-layout-flow wp-block-cover-is-layout-flow\">\n<p class=\"has-text-align-center has-huge-font-size\">\u00bfQui\u00e9nes somos?<\/p>\n<\/div><\/div>\n\n\n\n<p class=\"has-text-align-center has-white-background-color has-background has-extra-large-font-size\"><strong>Nuestra Historia<\/strong><\/p>\n\n\n<p><span class=\"TextRun  BCX0 SCXO2956902\" lang=\"ES-ES\" xml:lang=\"ES-ES\" data-contrast=\"auto\"><span class=\"NormalTextRun  BCX0 SCXO2956902\">Hola, soy Sarah\u00ed Villegas, Directora de la escuela Chapingreen sede Guanajuato. He visto ahora y desde que inicio la pandemia como la gente ha tenido que gastar mucho dinero en m\u00e9dicos y en medicinas y se han olvidado de la medicina tradicional. Por eso hoy ofrecemos una alternativa maravillosa que ayudara a ver la importancia de otras formas de aprender a sanar el cuerpo, mente, esp\u00edritu. A trav\u00e9s de cursos en l\u00ednea.<\/span><\/span><\/p>\n\n\n<hr class=\"wp-block-separator has-css-opacity\"\/>\n\n\n\n<div style=\"height:50px\" aria-hidden=\"true\" class=\"wp-block-spacer\"><\/div>\n\n\n\n<p class=\"has-text-align-center has-white-background-color has-background has-extra-large-font-size\"><strong>Misi\u00f3n<\/strong><\/p>\n\n\n<p><span class=\"EOP SCXO133570272 BCX0\"><span class=\"TextRun SCXO173793586 BCX0\" lang=\"ES-ES\" xml:lang=\"ES-ES\" data-contrast=\"auto\"><span class=\"NormalTextRun SCXO173793586 BCX0\">Ofrecer todos los d\u00edas del a\u00f1o atenci\u00f3n a la ense\u00f1anza y aprendizajes de los alumnos para mejorar y sanar el cuerpo, mente y esp\u00edritu aun costo que est\u00e1 al alcance de tu econom\u00eda, por medio de cursos virtuales acorde a tus intereses, que podr\u00e1s tomar en tus tiempos disponibles.<\/span><\/span><span class=\"EOP SCXO173793586 BCX0\">&nbsp;<\/span> <\/span><\/p>\n\n\n<hr class=\"wp-block-separator has-css-opacity\"\/>\n\n\n\n<div style=\"height:50px\" aria-hidden=\"true\" class=\"wp-block-spacer\"><\/div>\n\n\n\n<p class=\"has-text-align-center has-extra-large-font-size\"><strong>Visi\u00f3n<\/strong><\/p>\n\n\n<p><span class=\"EOP SCXO120297025 BCX0\"><span class=\"TextRun SCXO206457503 BCX0\" lang=\"ES-ES\" xml:lang=\"ES-ES\" data-contrast=\"auto\"><span class=\"NormalTextRun SCXO206457503 BCX0\">Somos una escuela&nbsp; de agentes de cambio educativo que ayuda a la especializaci\u00f3n de personas sanadoras a trav\u00e9s de cursos virtuales.<\/span><\/span><span class=\"EOP SCXO206457503 BCX0\">&nbsp;<\/span> <\/span><\/p>\n\n\n<hr class=\"wp-block-separator has-css-opacity\"\/>\n\n\n\n<div style=\"height:50px\" aria-hidden=\"true\" class=\"wp-block-spacer\"><\/div>\n\n\n\n<p class=\"has-text-align-center has-white-background-color has-background has-link-color has-large-font-size wp-elements-b9f06575adfd758d37c76b97116b4339\"><strong>Nuestros equipo<\/strong><\/p>\n\n\n\n<div class=\"wp-block-uagb-team uagb-team__image-position-left uagb-team__align-center uagb-team__stack-mobile uagb-block-ad55f763\"><img loading=\"lazy\" decoding=\"async\" class=\"uagb-team__image-crop-circle\" src=\"https:\/\/chapingreenguanajuato.com\/wp-content\/uploads\/2022\/12\/directora-300x300.png\" alt=\"\" height=\"325\" width=\"325\" loading=\"lazy\"\/><div class=\"uagb-team__content\"><h3 class=\"uagb-team__title\"><strong>Betzabeth Sarah\u00ed Villegas Agui\u00f1aga<\/strong><\/h3><span class=\"uagb-team__prefix\">Directora<\/span><p class=\"uagb-team__desc\"><\/p><\/div><\/div>\n\n\n\n<div class=\"wp-block-uagb-team uagb-team__image-position-right uagb-team__align-center uagb-team__stack-mobile uagb-block-70d91937\"><div class=\"uagb-team__content\"><h3 class=\"uagb-team__title\">Nancy L\u00f3pez L\u00f3pez<\/h3><span class=\"uagb-team__prefix\">Instructor<\/span><p class=\"uagb-team__desc\">CEO de Todoterapeuta<\/p><\/div><img loading=\"lazy\" decoding=\"async\" class=\"uagb-team__image-crop-circle\" src=\"https:\/\/chapingreenguanajuato.com\/wp-content\/uploads\/2021\/10\/nancy-1-300x300.jpeg\" alt=\"\" height=\"325\" width=\"325\" loading=\"lazy\"\/><\/div>\n\n\n\n<div class=\"wp-block-uagb-team uagb-team__image-position-left uagb-team__align-center uagb-team__stack-mobile uagb-block-cb935d67\"><img loading=\"lazy\" decoding=\"async\" class=\"uagb-team__image-crop-circle\" src=\"https:\/\/chapingreenguanajuato.com\/wp-content\/uploads\/2021\/10\/veronica-300x300.jpeg\" alt=\"\" height=\"325\" width=\"325\" loading=\"lazy\"\/><div class=\"uagb-team__content\"><h3 class=\"uagb-team__title\">Ver\u00f3nica Tapia Linares<\/h3><span class=\"uagb-team__prefix\">Instructor<\/span><p class=\"uagb-team__desc\">Lic. en Comunicaciones<\/p><\/div><\/div>\n\n\n\n<div class=\"wp-block-uagb-team uagb-team__image-position-right uagb-team__align-center uagb-team__stack-mobile uagb-block-b888e0fe\"><div class=\"uagb-team__content\"><h3 class=\"uagb-team__title\">Patricia Razo<\/h3><span class=\"uagb-team__prefix\">Instructor<\/span><p class=\"uagb-team__desc\">Directora de academiapatyrazo<\/p><\/div><img loading=\"lazy\" decoding=\"async\" class=\"uagb-team__image-crop-circle\" src=\"https:\/\/chapingreenguanajuato.com\/wp-content\/uploads\/2021\/10\/paty-300x300.jpeg\" alt=\"\" height=\"325\" width=\"325\" loading=\"lazy\"\/><\/div>\n\n\n\n<div class=\"wp-block-uagb-team uagb-team__image-position-left uagb-team__align-center uagb-team__stack-mobile uagb-block-4f89e031\"><img loading=\"lazy\" decoding=\"async\" class=\"uagb-team__image-crop-circle\" src=\"https:\/\/chapingreenguanajuato.com\/wp-content\/uploads\/2021\/10\/grisel-300x300.jpeg\" alt=\"\" height=\"325\" width=\"325\" loading=\"lazy\"\/><div class=\"uagb-team__content\"><h3 class=\"uagb-team__title\">Grisel de Alba Cruz<\/h3><span class=\"uagb-team__prefix\">Instructor<\/span><p class=\"uagb-team__desc\">Terapeuta en T\u00e9cnicas de Spa<\/p><\/div><\/div>\n\n\n\n<div class=\"wp-block-uagb-team uagb-team__image-position-right uagb-team__align-center uagb-team__stack-mobile uagb-block-44c069ad\"><div class=\"uagb-team__content\"><h3 class=\"uagb-team__title\">Lizbet Heredia Garc\u00eda<\/h3><span class=\"uagb-team__prefix\">Instructor<\/span><p class=\"uagb-team__desc\">Licenciatura en fisioterapia<\/p><\/div><img loading=\"lazy\" decoding=\"async\" class=\"uagb-team__image-crop-circle\" src=\"https:\/\/chapingreenguanajuato.com\/wp-content\/uploads\/2021\/10\/lizbeth-1-300x300.jpeg\" alt=\"\" height=\"325\" width=\"325\" loading=\"lazy\"\/><\/div>\n\n\n\n<div class=\"wp-block-uagb-team uagb-team__image-position-left uagb-team__align-center uagb-team__stack-mobile uagb-block-61f44313\"><img loading=\"lazy\" decoding=\"async\" class=\"uagb-team__image-crop-circle\" src=\"https:\/\/chapingreenguanajuato.com\/wp-content\/uploads\/2021\/10\/ismael-1-300x300.jpeg\" alt=\"\" height=\"325\" width=\"325\" loading=\"lazy\"\/><div class=\"uagb-team__content\"><h3 class=\"uagb-team__title\">Ismael Guti\u00e9rrez Aguilar<\/h3><span class=\"uagb-team__prefix\">Instructor<\/span><p class=\"uagb-team__desc\">CEO de Chapingreen Educaci\u00f3n<\/p><\/div><\/div>\n\n\n\n<div class=\"wp-block-uagb-team uagb-team__image-position-right uagb-team__align-center uagb-team__stack-mobile uagb-block-b87cc8af\"><div class=\"uagb-team__content\"><h3 class=\"uagb-team__title\">Lucero Garc\u00eda Villafuerte<\/h3><span class=\"uagb-team__prefix\">Instructor<\/span><p class=\"uagb-team__desc\">Coach Certificada<\/p><\/div><img loading=\"lazy\" decoding=\"async\" class=\"uagb-team__image-crop-circle\" src=\"https:\/\/chapingreenguanajuato.com\/wp-content\/uploads\/2021\/10\/lucero-1-300x300.jpeg\" alt=\"\" height=\"325\" width=\"325\" loading=\"lazy\"\/><\/div>\n\n\n\n<p><\/p>\n","protected":false},"excerpt":{"rendered":"<p>Nuestra Historia Hola, soy Sarah\u00ed Villegas, Directora de la escuela Chapingreen sede Guanajuato. He visto ahora y desde que inicio la pandemia como la gente ha tenido que gastar mucho dinero en m\u00e9dicos y en medicinas y se han olvidado de la medicina tradicional. Por eso hoy ofrecemos una alternativa maravillosa que ayudara a ver&#8230;<\/p>\n","protected":false},"author":1,"featured_media":0,"parent":0,"menu_order":0,"comment_status":"closed","ping_status":"closed","template":"","meta":{"_editorskit_title_hidden":true,"_editorskit_reading_time":1,"_editorskit_is_block_options_detached":false,"_editorskit_block_options_position":"{}","_uag_custom_page_level_css":"","_kadence_starter_templates_imported_post":false,"_kad_post_transparent":"","_kad_post_title":"","_kad_post_layout":"","_kad_post_sidebar_id":"","_kad_post_content_style":"","_kad_post_vertical_padding":"","_kad_post_feature":"","_kad_post_feature_position":"","_kad_post_header":false,"_kad_post_footer":false,"_joinchat":[],"footnotes":""},"class_list":["post-20","page","type-page","status-publish","hentry"],"yoast_head":"<!-- This site is optimized with the Yoast SEO plugin v25.7 - https:\/\/yoast.com\/wordpress\/plugins\/seo\/ -->\n<title>\u00bfQui\u00e9nes somos?<\/title>\n<meta name=\"robots\" content=\"index, follow, max-snippet:-1, max-image-preview:large, max-video-preview:-1\" \/>\n<link rel=\"canonical\" href=\"https:\/\/chapingreenguanajuato.com\/?page_id=20\" \/>\n<meta property=\"og:locale\" content=\"es_MX\" \/>\n<meta property=\"og:type\" content=\"article\" \/>\n<meta property=\"og:title\" content=\"\u00bfQui\u00e9nes somos?\" \/>\n<meta property=\"og:description\" content=\"Nuestra Historia Hola, soy Sarah\u00ed Villegas, Directora de la escuela Chapingreen sede Guanajuato. He visto ahora y desde que inicio la pandemia como la gente ha tenido que gastar mucho dinero en m\u00e9dicos y en medicinas y se han olvidado de la medicina tradicional. Por eso hoy ofrecemos una alternativa maravillosa que ayudara a ver...\" \/>\n<meta property=\"og:url\" content=\"https:\/\/chapingreenguanajuato.com\/?page_id=20\" \/>\n<meta property=\"og:site_name\" content=\"CHAPINGREEN GUANAJUATO\" \/>\n<meta property=\"article:modified_time\" content=\"2022-12-20T20:23:08+00:00\" \/>\n<meta property=\"og:image\" content=\"https:\/\/chapingreenguanajuato.com\/wp-content\/uploads\/2021\/10\/nosotros.jpeg\" \/>\n<meta name=\"twitter:card\" content=\"summary_large_image\" \/>\n<meta name=\"twitter:label1\" content=\"Tiempo de lectura\" \/>\n\t<meta name=\"twitter:data1\" content=\"3 minutos\" \/>\n<script type=\"application\/ld+json\" class=\"yoast-schema-graph\">{\"@context\":\"https:\/\/schema.org\",\"@graph\":[{\"@type\":\"WebPage\",\"@id\":\"https:\/\/chapingreenguanajuato.com\/?page_id=20\",\"url\":\"https:\/\/chapingreenguanajuato.com\/?page_id=20\",\"name\":\"\u00bfQui\u00e9nes somos?\",\"isPartOf\":{\"@id\":\"https:\/\/chapingreenguanajuato.com\/#website\"},\"primaryImageOfPage\":{\"@id\":\"https:\/\/chapingreenguanajuato.com\/?page_id=20#primaryimage\"},\"image\":{\"@id\":\"https:\/\/chapingreenguanajuato.com\/?page_id=20#primaryimage\"},\"thumbnailUrl\":\"https:\/\/chapingreenguanajuato.com\/wp-content\/uploads\/2021\/10\/nosotros.jpeg\",\"datePublished\":\"2021-10-25T20:36:00+00:00\",\"dateModified\":\"2022-12-20T20:23:08+00:00\",\"breadcrumb\":{\"@id\":\"https:\/\/chapingreenguanajuato.com\/?page_id=20#breadcrumb\"},\"inLanguage\":\"es\",\"potentialAction\":[{\"@type\":\"ReadAction\",\"target\":[\"https:\/\/chapingreenguanajuato.com\/?page_id=20\"]}]},{\"@type\":\"ImageObject\",\"inLanguage\":\"es\",\"@id\":\"https:\/\/chapingreenguanajuato.com\/?page_id=20#primaryimage\",\"url\":\"https:\/\/chapingreenguanajuato.com\/wp-content\/uploads\/2021\/10\/nosotros.jpeg\",\"contentUrl\":\"https:\/\/chapingreenguanajuato.com\/wp-content\/uploads\/2021\/10\/nosotros.jpeg\",\"width\":2560,\"height\":1130},{\"@type\":\"BreadcrumbList\",\"@id\":\"https:\/\/chapingreenguanajuato.com\/?page_id=20#breadcrumb\",\"itemListElement\":[{\"@type\":\"ListItem\",\"position\":1,\"name\":\"Inicio\",\"item\":\"https:\/\/chapingreenguanajuato.com\/\"},{\"@type\":\"ListItem\",\"position\":2,\"name\":\"\u00bfQui\u00e9nes somos?\"}]},{\"@type\":\"WebSite\",\"@id\":\"https:\/\/chapingreenguanajuato.com\/#website\",\"url\":\"https:\/\/chapingreenguanajuato.com\/\",\"name\":\"CHAPINGREEN GUANAJUATO\",\"description\":\"Academia Digital\",\"publisher\":{\"@id\":\"https:\/\/chapingreenguanajuato.com\/#organization\"},\"potentialAction\":[{\"@type\":\"SearchAction\",\"target\":{\"@type\":\"EntryPoint\",\"urlTemplate\":\"https:\/\/chapingreenguanajuato.com\/?s={search_term_string}\"},\"query-input\":{\"@type\":\"PropertyValueSpecification\",\"valueRequired\":true,\"valueName\":\"search_term_string\"}}],\"inLanguage\":\"es\"},{\"@type\":\"Organization\",\"@id\":\"https:\/\/chapingreenguanajuato.com\/#organization\",\"name\":\"Azmeh, escuela digital\",\"url\":\"https:\/\/chapingreenguanajuato.com\/\",\"logo\":{\"@type\":\"ImageObject\",\"inLanguage\":\"es\",\"@id\":\"https:\/\/chapingreenguanajuato.com\/#\/schema\/logo\/image\/\",\"url\":\"https:\/\/chapingreenguanajuato.com\/wp-content\/uploads\/2021\/10\/cropped-icono-wp-1.png\",\"contentUrl\":\"https:\/\/chapingreenguanajuato.com\/wp-content\/uploads\/2021\/10\/cropped-icono-wp-1.png\",\"width\":512,\"height\":512,\"caption\":\"Azmeh, escuela digital\"},\"image\":{\"@id\":\"https:\/\/chapingreenguanajuato.com\/#\/schema\/logo\/image\/\"}}]}<\/script>\n<!-- \/ Yoast SEO plugin. -->","yoast_head_json":{"title":"\u00bfQui\u00e9nes somos?","robots":{"index":"index","follow":"follow","max-snippet":"max-snippet:-1","max-image-preview":"max-image-preview:large","max-video-preview":"max-video-preview:-1"},"canonical":"https:\/\/chapingreenguanajuato.com\/?page_id=20","og_locale":"es_MX","og_type":"article","og_title":"\u00bfQui\u00e9nes somos?","og_description":"Nuestra Historia Hola, soy Sarah\u00ed Villegas, Directora de la escuela Chapingreen sede Guanajuato. He visto ahora y desde que inicio la pandemia como la gente ha tenido que gastar mucho dinero en m\u00e9dicos y en medicinas y se han olvidado de la medicina tradicional. Por eso hoy ofrecemos una alternativa maravillosa que ayudara a ver...","og_url":"https:\/\/chapingreenguanajuato.com\/?page_id=20","og_site_name":"CHAPINGREEN GUANAJUATO","article_modified_time":"2022-12-20T20:23:08+00:00","og_image":[{"url":"https:\/\/chapingreenguanajuato.com\/wp-content\/uploads\/2021\/10\/nosotros.jpeg","type":"","width":"","height":""}],"twitter_card":"summary_large_image","twitter_misc":{"Tiempo de lectura":"3 minutos"},"schema":{"@context":"https:\/\/schema.org","@graph":[{"@type":"WebPage","@id":"https:\/\/chapingreenguanajuato.com\/?page_id=20","url":"https:\/\/chapingreenguanajuato.com\/?page_id=20","name":"\u00bfQui\u00e9nes somos?","isPartOf":{"@id":"https:\/\/chapingreenguanajuato.com\/#website"},"primaryImageOfPage":{"@id":"https:\/\/chapingreenguanajuato.com\/?page_id=20#primaryimage"},"image":{"@id":"https:\/\/chapingreenguanajuato.com\/?page_id=20#primaryimage"},"thumbnailUrl":"https:\/\/chapingreenguanajuato.com\/wp-content\/uploads\/2021\/10\/nosotros.jpeg","datePublished":"2021-10-25T20:36:00+00:00","dateModified":"2022-12-20T20:23:08+00:00","breadcrumb":{"@id":"https:\/\/chapingreenguanajuato.com\/?page_id=20#breadcrumb"},"inLanguage":"es","potentialAction":[{"@type":"ReadAction","target":["https:\/\/chapingreenguanajuato.com\/?page_id=20"]}]},{"@type":"ImageObject","inLanguage":"es","@id":"https:\/\/chapingreenguanajuato.com\/?page_id=20#primaryimage","url":"https:\/\/chapingreenguanajuato.com\/wp-content\/uploads\/2021\/10\/nosotros.jpeg","contentUrl":"https:\/\/chapingreenguanajuato.com\/wp-content\/uploads\/2021\/10\/nosotros.jpeg","width":2560,"height":1130},{"@type":"BreadcrumbList","@id":"https:\/\/chapingreenguanajuato.com\/?page_id=20#breadcrumb","itemListElement":[{"@type":"ListItem","position":1,"name":"Inicio","item":"https:\/\/chapingreenguanajuato.com\/"},{"@type":"ListItem","position":2,"name":"\u00bfQui\u00e9nes somos?"}]},{"@type":"WebSite","@id":"https:\/\/chapingreenguanajuato.com\/#website","url":"https:\/\/chapingreenguanajuato.com\/","name":"CHAPINGREEN GUANAJUATO","description":"Academia Digital","publisher":{"@id":"https:\/\/chapingreenguanajuato.com\/#organization"},"potentialAction":[{"@type":"SearchAction","target":{"@type":"EntryPoint","urlTemplate":"https:\/\/chapingreenguanajuato.com\/?s={search_term_string}"},"query-input":{"@type":"PropertyValueSpecification","valueRequired":true,"valueName":"search_term_string"}}],"inLanguage":"es"},{"@type":"Organization","@id":"https:\/\/chapingreenguanajuato.com\/#organization","name":"Azmeh, escuela digital","url":"https:\/\/chapingreenguanajuato.com\/","logo":{"@type":"ImageObject","inLanguage":"es","@id":"https:\/\/chapingreenguanajuato.com\/#\/schema\/logo\/image\/","url":"https:\/\/chapingreenguanajuato.com\/wp-content\/uploads\/2021\/10\/cropped-icono-wp-1.png","contentUrl":"https:\/\/chapingreenguanajuato.com\/wp-content\/uploads\/2021\/10\/cropped-icono-wp-1.png","width":512,"height":512,"caption":"Azmeh, escuela digital"},"image":{"@id":"https:\/\/chapingreenguanajuato.com\/#\/schema\/logo\/image\/"}}]}},"uagb_featured_image_src":{"full":false,"thumbnail":false,"medium":false,"medium_large":false,"large":false,"1536x1536":false,"2048x2048":false,"woocommerce_thumbnail":false,"woocommerce_single":false,"woocommerce_gallery_thumbnail":false},"uagb_author_info":{"display_name":"ismaelguta","author_link":"https:\/\/chapingreenguanajuato.com\/?author=1"},"uagb_comment_info":0,"uagb_excerpt":"Nuestra Historia Hola, soy Sarah\u00ed Villegas, Directora de la escuela Chapingreen sede Guanajuato. He visto ahora y desde que inicio la pandemia como la gente ha tenido que gastar mucho dinero en m\u00e9dicos y en medicinas y se han olvidado de la medicina tradicional. Por eso hoy ofrecemos una alternativa maravillosa que ayudara a ver...","_links":{"self":[{"href":"https:\/\/chapingreenguanajuato.com\/index.php?rest_route=\/wp\/v2\/pages\/20","targetHints":{"allow":["GET"]}}],"collection":[{"href":"https:\/\/chapingreenguanajuato.com\/index.php?rest_route=\/wp\/v2\/pages"}],"about":[{"href":"https:\/\/chapingreenguanajuato.com\/index.php?rest_route=\/wp\/v2\/types\/page"}],"author":[{"embeddable":true,"href":"https:\/\/chapingreenguanajuato.com\/index.php?rest_route=\/wp\/v2\/users\/1"}],"replies":[{"embeddable":true,"href":"https:\/\/chapingreenguanajuato.com\/index.php?rest_route=%2Fwp%2Fv2%2Fcomments&post=20"}],"version-history":[{"count":8,"href":"https:\/\/chapingreenguanajuato.com\/index.php?rest_route=\/wp\/v2\/pages\/20\/revisions"}],"predecessor-version":[{"id":11112,"href":"https:\/\/chapingreenguanajuato.com\/index.php?rest_route=\/wp\/v2\/pages\/20\/revisions\/11112"}],"wp:attachment":[{"href":"https:\/\/chapingreenguanajuato.com\/index.php?rest_route=%2Fwp%2Fv2%2Fmedia&parent=20"}],"curies":[{"name":"wp","href":"https:\/\/api.w.org\/{rel}","templated":true}]}}